{"id":368,"date":"2020-08-27T14:31:37","date_gmt":"2020-08-27T17:31:37","guid":{"rendered":"http:\/\/reapodere.unilab.edu.br\/?page_id=368"},"modified":"2023-01-04T15:00:30","modified_gmt":"2023-01-04T18:00:30","slug":"capitulos-de-livro","status":"publish","type":"page","link":"https:\/\/reapodere.unilab.edu.br\/index.php\/reapodere\/capitulos-de-livro\/","title":{"rendered":"Livros e Cap\u00edtulos"},"content":{"rendered":"\r\n<h4 style=\"text-align: center;\"><a href=\"https:\/\/reapodere.unilab.edu.br\/wp-content\/uploads\/2022\/06\/TAMANHO-MENOR-Livro-Preconceito-e-Autoritarismo-OK.pdf\" target=\"_blank\" rel=\"noopener\">Livro completo &#8211; AUTORITARISMO E PRECONCEITO<\/a><\/h4>\r\n<h4 style=\"text-align: center;\"><br \/><a href=\"https:\/\/reapodere.unilab.edu.br\/wp-content\/uploads\/2022\/06\/TAMANHO-MENOR-Livro-Preconceito-e-Autoritarismo-OK.pdf\"><strong><img fetchpriority=\"high\" decoding=\"async\" class=\"aligncenter wp-image-1103\" src=\"https:\/\/reapodere.unilab.edu.br\/wp-content\/uploads\/2022\/06\/TAMANHO-MENOR-Livro-Preconceito-e-Autoritarismo-OK_page-0001.jpg\" alt=\"\" width=\"262\" height=\"419\" \/><\/strong><\/a><\/h4>\r\n<div style=\"text-align: center;\">\u00a0<\/div>\r\n<h4 class=\"wp-block-file aligncenter\" style=\"text-align: center;\"><a href=\"https:\/\/reapodere.unilab.edu.br\/wp-content\/uploads\/2020\/08\/2020_liv_jppbarros_cap_james.pdf\" target=\"_blank\" rel=\"noopener\">INTERSECCIONALIDADE COMO ESTRAT\u00c9GIA METODOL\u00d3GICA: ARTICULA\u00c7\u00d5ES ENTRE G\u00caNERO, RA\u00c7A E POBREZA <\/a><a class=\"wp-block-file__button\" href=\"https:\/\/reapodere.unilab.edu.br\/wp-content\/uploads\/2020\/08\/2020_liv_jppbarros_cap_james.pdf\" download=\"\">Baixar<\/a><\/h4>\r\n<h4 style=\"text-align: center;\">\r\n\r\n<\/h4>\r\n<figure class=\"aligncenter size-large is-resized\"><a href=\"https:\/\/reapodere.unilab.edu.br\/wp-content\/uploads\/2020\/08\/2020_liv_jppbarros_cap_james.pdf\" target=\"_blank\" rel=\"noopener\"><img decoding=\"async\" class=\"https:\/\/reapodere.unilab.edu.br\/wp-content\/uploads\/2020\/08\/2020_liv_jppbarros_cap_james.pdf aligncenter wp-image-425\" src=\"https:\/\/reapodere.unilab.edu.br\/wp-content\/uploads\/2020\/08\/Screenshot_1-1.png\" alt=\"\" width=\"262\" height=\"366\" srcset=\"https:\/\/reapodere.unilab.edu.br\/wp-content\/uploads\/2020\/08\/Screenshot_1-1.png 429w, https:\/\/reapodere.unilab.edu.br\/wp-content\/uploads\/2020\/08\/Screenshot_1-1-215x300.png 215w\" sizes=\"(max-width: 262px) 100vw, 262px\" \/><\/a><\/figure>\r\n<h4 style=\"text-align: center;\">\r\n\r\n<\/h4>\r\n<h4 class=\"wp-block-file\" style=\"text-align: center;\"><a href=\"https:\/\/reapodere.unilab.edu.br\/wp-content\/uploads\/2020\/08\/E-BOOK_CLEITON_UNILAB-10-anos_cap_james-2.pdf\">O IMPACTO SOCIAL DA TECNOLOGIA SOCIAL DE CONFEC\u00c7\u00c3O DE BOLSAS NO FORTALECIMENTO DO SENTIDO DE COMUNIDADE DAS MULHERES DO PARQUE DA LIBERDADE EM REDEN\u00c7\u00c3O-CE <\/a><a class=\"wp-block-file__button\" href=\"https:\/\/reapodere.unilab.edu.br\/wp-content\/uploads\/2020\/08\/E-BOOK_CLEITON_UNILAB-10-anos_cap_james-2.pdf\" download=\"\">Baixar<\/a><\/h4>\r\n<h4 style=\"text-align: center;\">\r\n\r\n<\/h4>\r\n<figure class=\"aligncenter size-large is-resized\"><a href=\"https:\/\/reapodere.unilab.edu.br\/wp-content\/uploads\/2020\/08\/E-BOOK_CLEITON_UNILAB-10-anos_cap_james-2.pdf\"><img decoding=\"async\" class=\"wp-image-431 aligncenter\" src=\"https:\/\/reapodere.unilab.edu.br\/wp-content\/uploads\/2020\/08\/Screenshot_2.png\" alt=\"\" width=\"264\" height=\"397\" srcset=\"https:\/\/reapodere.unilab.edu.br\/wp-content\/uploads\/2020\/08\/Screenshot_2.png 400w, https:\/\/reapodere.unilab.edu.br\/wp-content\/uploads\/2020\/08\/Screenshot_2-200x300.png 200w\" sizes=\"(max-width: 264px) 100vw, 264px\" \/><\/a><\/figure>\r\n<h4 style=\"text-align: center;\">\r\n\r\n<\/h4>\r\n<h4 class=\"wp-block-file\" style=\"text-align: center;\"><a href=\"https:\/\/reapodere.unilab.edu.br\/wp-content\/uploads\/2020\/08\/2018-Silveira-Lima-Moura-Jr-Experie\u0302ncias-interseccionais-da-extensa\u0303o-com-infancia-Livro-Unilab_cap_james.pdf\">INF\u00c2NCIAS EM SITUA\u00c7\u00c3O DE POBREZA: RELATOS DE EXPERI\u00caNCIAS INTERSECCIONAIS DA EXTENS\u00c3O UNIVERSIT\u00c1RIA NA ESTRADA VELHA, ACARAPE\/CE <\/a><a class=\"wp-block-file__button\" href=\"https:\/\/reapodere.unilab.edu.br\/wp-content\/uploads\/2020\/08\/2018-Silveira-Lima-Moura-Jr-Experie\u0302ncias-interseccionais-da-extensa\u0303o-com-infancia-Livro-Unilab_cap_james.pdf\" download=\"\">Baixar<\/a><\/h4>\r\n<h4 style=\"text-align: center;\">\r\n\r\n<\/h4>\r\n<figure class=\"aligncenter size-large is-resized\"><a href=\"https:\/\/reapodere.unilab.edu.br\/wp-content\/uploads\/2020\/08\/2018-Silveira-Lima-Moura-Jr-Experie\u0302ncias-interseccionais-da-extensa\u0303o-com-infancia-Livro-Unilab_cap_james.pdf\"><img loading=\"lazy\" decoding=\"async\" class=\"wp-image-420 aligncenter\" src=\"https:\/\/reapodere.unilab.edu.br\/wp-content\/uploads\/2020\/08\/Screenshot_1.png\" alt=\"\" width=\"269\" height=\"401\" srcset=\"https:\/\/reapodere.unilab.edu.br\/wp-content\/uploads\/2020\/08\/Screenshot_1.png 399w, https:\/\/reapodere.unilab.edu.br\/wp-content\/uploads\/2020\/08\/Screenshot_1-202x300.png 202w\" sizes=\"(max-width: 269px) 100vw, 269px\" \/><\/a><\/figure>\r\n<h4 style=\"text-align: center;\">\r\n\r\n<\/h4>\r\n<h4 style=\"text-align: center;\">\u00a0<\/h4>\r\n","protected":false},"excerpt":{"rendered":"<p>\u00a0<\/p>\n","protected":false},"author":2,"featured_media":0,"parent":95,"menu_order":0,"comment_status":"closed","ping_status":"closed","template":"","meta":{"footnotes":""},"class_list":["post-368","page","type-page","status-publish","hentry"],"_links":{"self":[{"href":"https:\/\/reapodere.unilab.edu.br\/index.php\/wp-json\/wp\/v2\/pages\/368","targetHints":{"allow":["GET"]}}],"collection":[{"href":"https:\/\/reapodere.unilab.edu.br\/index.php\/wp-json\/wp\/v2\/pages"}],"about":[{"href":"https:\/\/reapodere.unilab.edu.br\/index.php\/wp-json\/wp\/v2\/types\/page"}],"author":[{"embeddable":true,"href":"https:\/\/reapodere.unilab.edu.br\/index.php\/wp-json\/wp\/v2\/users\/2"}],"replies":[{"embeddable":true,"href":"https:\/\/reapodere.unilab.edu.br\/index.php\/wp-json\/wp\/v2\/comments?post=368"}],"version-history":[{"count":16,"href":"https:\/\/reapodere.unilab.edu.br\/index.php\/wp-json\/wp\/v2\/pages\/368\/revisions"}],"predecessor-version":[{"id":1101,"href":"https:\/\/reapodere.unilab.edu.br\/index.php\/wp-json\/wp\/v2\/pages\/368\/revisions\/1101"}],"up":[{"embeddable":true,"href":"https:\/\/reapodere.unilab.edu.br\/index.php\/wp-json\/wp\/v2\/pages\/95"}],"wp:attachment":[{"href":"https:\/\/reapodere.unilab.edu.br\/index.php\/wp-json\/wp\/v2\/media?parent=368"}],"curies":[{"name":"wp","href":"https:\/\/api.w.org\/{rel}","templated":true}]}}